a prime number?
True
Is 1548749 prime?
False
Is 11959039 prime?
True
Is 117292729 a prime number?
True
Is 13611493 a prime number?
False
Is 422839 a composite number?
True
Is 2182003 prime?
False
Is 9002953 a composite number?
True
Is 4202293 composite?
False
Is 17958671 a prime number?
True
Is 2676083 a prime number?
False
Is 11195251 a composite number?
False
Is 588598033 composite?
False
Is 36971977 a composite number?
True
Is 9017797 prime?
True
Is 1572569 composite?
False
Is 2554411 composite?
True
Is 12891601 a prime number?
True
Is 8394137 prime?
False
Is 8058619 a composite number?
False
Is 2759387 a composite number?
False
Is 25389223 composite?
True
Is 76479149 a prime number?
True
Is 67900499 composite?
True
Is 39188467 a composite number?
False
Is 92687467 prime?
True
Is 469935083 a composite number?
False
Is 1151471 a prime number?
True
Is 135139 a composite number?
True
Is 37524077 composite?
False
Is 1591118831 a composite number?
False
Is 9344071 prime?
False
Is 16624513 composite?
True
Is 1104937 composite?
False
Is 2395643 composite?
False
Is 23173377 composite?
True
Is 38598335 a prime number?
False
Is 206461 a prime number?
True
Is 24558553 prime?
True
Is 190070065 a prime number?
False
Is 3305111 a composite number?
False
Is 39928891 prime?
False
Is 93560081 composite?
False
Is 77502977 composite?
False
Is 3050947 prime?
True
Is 11111069 a composite number?
False
Is 7684058 a composite number?
True
Is 3872101 a composite number?
False
Is 1968731 composite?
True
Is 5540659 composite?
False
Is 1856083 a prime number?
True
Is 24980219 composite?
True
Is 92581981 a composite number?
False
Is 106041829 composite?
False
Is 40016542 prime?
False
Is 188947021 prime?
True
Is 1384903 a composite number?
True
Is 93817 composite?
True
Is 2279239 a prime number?
True
Is 905381 prime?
True
Is 5760553 composite?
True
Is 59889833 a composite number?
False
Is 29689871 prime?
False
Is 1866109 prime?
False
Is 827555 composite?
True
Is 118560799 composite?
True
Is 1523383 a prime number?
False
Is 36952063 prime?
True
Is 11153111 a prime number?
False
Is 181058149 prime?
False
Is 5941903 a prime number?
False
Is 42479761 a composite number?
False
Is 1737069 prime?
False
Is 7793789 a composite number?
True
Is 652832897 a composite number?
True
Is 620143 prime?
False
Is 71974783 composite?
False
Is 166956241 prime?
False
Is 12412901 prime?
True
Is 11295043 composite?
False
Is 60227287 composite?
True
Is 175789589 composite?
False
Is 2767361 a composite number?
False
Is 196217107 prime?
True
Is 1551731 a composite number?
False
Is 40926943 a prime number?
False
Is 5909815 a composite number?
True
Is 410303 a composite number?
True
Is 56159183 prime?
True
Is 1530029 a composite number?
True
Is 127826691 composite?
True
Is 53546201 a composite number?
True
Is 6810851 prime?
False
Is 133159 a composite number?
True
Is 167030359 a composite number?
False
Is 69750629 a composite number?
True
Is 913981 a prime number?
True
Is 34215737 a composite number?
True
Is 6320609 composite?
True
Is 3165401 composite?
True
Is 33847091 a composite number?
False
Is 4723689 prime?
False
Is 12765679 composite?
False
Is 42317761 composite?
False
Is 16409119 a prime number?
True
Is 36056333 prime?
False
Is 24625471 prime?
False
Is 143937553 prime?
False
Is 2802389 a composite number?
True
Is 23215223 prime?
True
Is 549587 a prime number?
True
Is 7839539 prime?
True
Is 10380451 composite?
False
Is 33047051 composite?
True
Is 56123945 a composite number?
True
Is 4074881 a prime number?
False
Is 10223809 a composite number?
True
Is 33107897 a prime number?
True
Is 18731539 composite?
False
Is 11830163 composite?
False
Is 10819793 prime?
True
Is 902873 a composite number?
False
Is 2335601 prime?
True
Is 2750057 prime?
False
Is 4761817 a composite number?
True
Is 2887273 prime?
False
Is 51283 composite?
False
Is 32284169 a prime number?
True
Is 9855191 composite?
True
Is 5809283 composite?
False
Is 26563199 composite?
True
Is 235785493 composite?
True
Is 232495387 a composite number?
True
Is 8058905 composite?
True
Is 15070897 a composite number?
False
Is 6295567 composite?
False
Is 13714379 composite?
True
Is 18700805 a prime number?
False
Is 1554251 prime?
False
Is 12267835 prime?
False
Is 15926639 prime?
False
Is 8915981 a prime number?
True
Is 102293813 prime?
True
Is 536343139 prime?
False
Is 123696607 composite?
True
Is 13401377 composite?
True
Is 832174591 a composite number?
True
Is 4517273 a composite number?
True
Is 13853923 composite?
False
Is 4135717 a prime number?
True
Is 84267961 a prime number?
True
Is 3667319 a composite number?
True
Is 1179931 a composite number?
True
Is 20093861 composite?
True
Is 80402753 a composite number?
False
Is 3488522 a prime number?
False
Is 2271779 a prime number?
False
Is 1106563 prime?
True
Is 468613 composite?
False
Is 1565041 a composite number?
False
Is 2288927 a prime number?
True
Is 803249 a prime number?
False
Is 32138269 a composite number?
False
Is 8638993 a composite number?
True
Is 520129 composite?
False
Is 33814381 a composite number?
True
Is 869707 a prime number?
True
Is 252367289 a prime number?
False
Is 21212917 a prime number?
False
Is 62849597 a prime number?
False
Is 52268303 a prime number?
True
Is 1108699 prime?
False
Is 1258895229 a prime number?
False
Is 66404699 prime?
False
Is 42969929 a prime number?
True
Is 85503997 composite?
False
Is 49674299 a prime number?
True
Is 214717607 prime?
False
Is 7364173 a composite number?
True
Is 1451448177 a prime number?
False
Is 86727539 composite?
False
Is 1363137 prime?
False
Is 19191721 a composite number?
True
Is 8425487 a prime number?
False
Is 11832703 a prime number?
True
Is 79221187 a composite number?
False
Is 121563523 a composite number?
True
Is 15411593 prime?
True
Is 429843 composite?
True
Is 4850101 composite?
False
Is 10866001 prime?
True
Is 3904889 composite?
True
Is 5094601 a composite number?
False
Is 37384367 a prime number?
True
Is 5692549 composite?
True
Is 305999 a composite number?
False
Is 45677221 a prime number?
True
Is 20073817 composite?
True
Is 4252982 composite?
True
Is 2205683 a composite number?
True
Is 565016005 composite?
True
Is 47173573 composite?
False
Is 10560911 composite?
False
Is 38643037 prime?
True
Is 99240338 a composite number?
True
Is 21409166 a composite number?
True
Is 104167927 a prime number?
False
Is 24404021 a prime number?
True
Is 13664429 composite?
False
Is 2092911 composite?
True
Is 22237039 a prime number?
False
Is 388777247 prime?
True
Is 1593341 composite?
False
Is 814546831 a composite number?
True
Is 42347753 prime?
False
Is 61082971 prime?
True
Is 333959629 a prime number?
False
Is 103184737 composite?
False
Is 28992593 a composite number?
True
Is 1345423 a composite number?
False
Is 7894207 a composite number?
False
Is 6985579 composite?
False
Is 1699563 prime?
False
Is 158073467 composite?
False
Is 15401 prime?
True
Is 21693851 prime?
True
Is 7009979 a composite number?
False
Is 29518019 composite?
False
Is 361031681 prime?
False
Is 568591781 prime?
True
Is 9133483 a prime number?
True
Is 535010339 composite?
False
Is 218633579 prime?
True
Is 1660822 prime?
False
Is 65959349 prime?
True
Is 2816241 a prime number?
False
Is 31411577 a prime number?
False
Is 1701967 a composite number?
False
Is 2613217 prime?
False
Is 11253113 a composite number?
True
Is 97339 a prime number?
False
Is 35733107 a composite number?
False
Is 160991 a prime number?
False
Is 8267243 composite?
True
Is 1487777 a prime number?
True
Is 13190459 a composite number?
False
Is 100983427 composite?
False
Is 30336469 prime?
True
Is 411101 a composite number?
False
Is 2355671 a prime number?
True
Is 4759163 a prime number?
True
Is 14415743 prime?
True
Is 5581907 prime?
False
Is 9363163 composite?
True
Is 438106 composite?
True
Is 87097841 a prime number?
True
Is 39811363 composite?
True
Is 1116885221 composite?
True
Is 666511 a composite number?
False
Is 13230057 a composite number?
True
Is 9809407 a composite number?
False
Is 4028137 prime?
True
Is 93021749 prime?
True
Is 42937913 a prime number?
True
Is 1612991 prime?
True
Is 16969339 a prime number?
True
Is 132778253 prime?
True
Is 10619263 a prime number?
True
Is 26177 a prime 